se
Is 3 a factor of 75732524?
False
Is 139348482 a multiple of 78?
True
Is 1132773912 a multiple of 18?
True
Does 1650 divide 43339614?
False
Is 9 a factor of 174689847?
True
Does 447 divide 1198986759?
True
Does 11 divide 243385164?
True
Does 12 divide 16813084?
False
Is 47136388 a multiple of 1066?
True
Is 35196973 a multiple of 915?
False
Is 39 a factor of 40996845?
False
Is 1142786950 a multiple of 50?
True
Is 4036 a factor of 89911263?
False
Is 1525257 a multiple of 27?
True
Is 17380464 a multiple of 4?
True
Is 41 a factor of 91271822?
True
Is 36 a factor of 78380640?
True
Is 439934806 a multiple of 1037?
True
Does 2143 divide 106512948?
False
Does 1116 divide 516280572?
True
Does 4 divide 1250988863?
False
Is 976371645 a multiple of 889?
False
Is 63514776 a multiple of 184?
True
Is 353 a factor of 197183329?
True
Is 231524202 a multiple of 4747?
False
Is 28 a factor of 3696308?
True
Is 13517381 a multiple of 1159?
False
Is 95 a factor of 715434968?
False
Is 3109753115 a multiple of 7?
True
Is 67 a factor of 1608804?
True
Does 21 divide 41059221?
True
Is 2721 a factor of 1521297495?
True
Is 126419370 a multiple of 21?
True
Is 31188285 a multiple of 59?
True
Is 9 a factor of 2933360857?
False
Is 235 a factor of 119793699?
False
Does 355 divide 4230270170?
True
Is 13 a factor of 111357610?
True
Does 749 divide 9230575?
False
Is 19 a factor of 67160466?
False
Does 960 divide 201053760?
True
Does 3 divide 952003?
False
Is 1189243988 a multiple of 896?
False
Does 265 divide 390646835?
True
Is 8496171 a multiple of 3?
True
Is 3126495 a multiple of 199?
False
Is 183 a factor of 894738948?
False
Is 649664 a multiple of 10?
False
Is 6 a factor of 3562099?
False
Does 234 divide 740835810?
True
Does 298 divide 20046382?
False
Is 54788160 a multiple of 2240?
True
Is 434 a factor of 2517809836?
False
Is 4299141 a multiple of 37?
True
Does 52 divide 15343172?
True
Does 21 divide 516025419?
True
Is 16207946 a multiple of 11?
False
Is 79279848 a multiple of 18?
True
Is 3797 a factor of 431024049?
True
Is 1263 a factor of 104007135?
False
Does 17 divide 191334864?
True
Is 28 a factor of 13180262?
False
Is 5402669 a multiple of 3?
False
Does 49 divide 134252454?
True
Is 26 a factor of 4644976206?
True
Is 712 a factor of 10395200?
True
Is 2920 a factor of 1038131061?
False
Is 1276 a factor of 1871892?
True
Is 553 a factor of 8626247?
True
Is 4799 a factor of 641659889?
False
Does 6 divide 2704100?
False
Is 7 a factor of 1090801516?
True
Does 4254 divide 1006326240?
True
Is 19344380 a multiple of 115?
True
Is 36 a factor of 339205031?
False
Is 136 a factor of 50780088?
True
Is 39423296 a multiple of 44?
True
Does 239 divide 807130963?
True
Does 28 divide 86482676?
True
Does 38 divide 4246559888?
True
Is 223197940 a multiple of 98?
True
Is 630 a factor of 417060?
True
Does 17 divide 23885895?
False
Does 90 divide 672046204?
False
Is 147 a factor of 12787971?
True
Does 7 divide 995684578?
True
Is 25804623 a multiple of 39?
True
Is 288890992 a multiple of 316?
True
Is 19006200 a multiple of 48?
False
Is 16893158 a multiple of 562?
True
Is 35 a factor of 12512045?
True
Is 5165 a factor of 1426826119?
False
Is 318 a factor of 82124136?
True
Does 648 divide 14071849?
False
Does 54 divide 97779769?
False
Does 565 divide 36592790?
True
Is 1630 a factor of 35268310?
True
Is 128124624 a multiple of 24?
True
Is 4174301 a multiple of 102?
False
Does 367 divide 385651457?
False
Does 73 divide 7357189?
False
Is 16 a factor of 48352581?
False
Is 43075595 a multiple of 1372?
False
Is 53 a factor of 62382378?
True
Does 348 divide 601121726?
False
Is 42 a factor of 10263933?
False
Is 61532662 a multiple of 2800?
False
Is 97107579 a multiple of 4101?
True
Is 184021875 a multiple of 81?
True
Does 305 divide 947145069?
False
Does 515 divide 189694585?
True
Is 894687419 a multiple of 944?
False
Is 112 a factor of 191060479?
False
Does 1983 divide 1595509902?
True
Is 131 a factor of 29862620?
False
Does 8 divide 1402306168?
True
Does 3031 divide 54233683?
True
Does 1133 divide 61695249?
True
Does 50 divide 93887050?
True
Is 6 a factor of 1485354?
True
Is 19 a factor of 252068814?
False
Does 56 divide 248047097?
False
Is 1997 a factor of 772600767?
False
Is 41245978 a multiple of 27?
False
Is 11315539 a multiple of 6?
False
Is 197161290 a multiple of 90?
True
Does 148 divide 605384472?
False
Is 1015433796 a multiple of 78?
True
Is 2225480 a multiple of 236?
True
Is 367 a factor of 22278747?
False
Is 620 a factor of 828280338?
False
Is 90913365 a multiple of 45?
True
Is 5963345430 a multiple of 47?
True
Is 3 a factor of 114968979?
True
Is 112465377 a multiple of 207?
True
Is 31914696 a multiple of 264?
True
Does 177 divide 71469414?
True
Does 29 divide 1420450466?
False
Is 14091560 a multiple of 413?
True
Is 110142418 a multiple of 18?
False
Is 3956 a factor of 2764057200?
True
Is 920645 a multiple of 209?
True
Is 88696028 a multiple of 346?
False
Is 76 a factor of 3750775931?
False
Is 11 a factor of 1809780335?
True
Is 91 a factor of 172678779?
True
Is 19709150 a multiple of 877?
False
Does 570 divide 716263710?
True
Does 31 divide 894369181?
False
Does 6 divide 70634526?
True
Does 93 divide 18490397?
False
Does 181 divide 349900150?
True
Is 59934336 a multiple of 2112?
True
Does 2 divide 3333136?
True
Is 117276625 a multiple of 48?
False
Is 142 a factor of 12610026?
True
Is 32530299 a multiple of 59?
True
Does 128 divide 570851840?
True
Does 266 divide 4935831096?
True
Is 163 a factor of 36718847?
True
Is 785 a factor of 268318495?
True
Does 700 divide 76943262?
False
Does 77 divide 339660869?
False
Does 6 divide 44622732?
True
Does 30 divide 5100180?
True
Is 227 a factor of 3815169932?
True
Does 49 divide 1409796591?
True
Is 10299 a factor of 136611683?
False
Is 10 a factor of 3431400305?
False
Is 2719 a factor of 202048890?
True
Is 2276 a factor of 244988098?
False
Does 245 divide 1429551970?
True
Is 39 a factor of 70284527?
False
Does 157 divide 40112401?
True
Is 431 a factor of 421067339?
False
Is 20339544 a multiple of 23?
True
Is 5 a factor of 913232379?
False
Does 77 divide 1959252764?
False
Is 24 a factor of 145930477?
False
Is 43137180 a multiple of 180?
True
Does 142 divide 140664064?
True
Does 1213 divide 28580706?
True
Is 86 a factor of 21113645?
False
Is 232102540 a multiple of 10?
True
Is 11 a factor of 83381980?
True
Is 20 a factor of 6594931?
False
Is 2634909669 a multiple of 219?
True
Is 172 a factor of 14727052?
False
Is 1307 a factor of 227908125?
True
Is 121966577 a multiple of 9?
False
Is 18 a factor of 115580881?
False
Is 3995499 a multiple of 4?
False
Does 1050 divide 232673346?
False
Does 1350 divide 46128150?
True
Does 67 divide 546014624?
True
Is 21 a factor of 56831691?
True
Does 476 divide 3913672?
True
Does 46 divide 40902350?
False
Does 150 divide 613209311?
False
Is 40532772 a multiple of 1996?
True
Does 90 divide 6028510?
False
Is 60 a factor of 65972789?
False
Does 1535 divide 11879365?
True
Is 1002568860 a multiple of 261?
True
Does 12 divide 126209964?
True
Is 2 a factor of 1463296?
True
Does 407 divide 2283964913?
False
Does 1375 divide 5449125?
True
Is 36352557 a multiple of 709?
True
Is 2528214808 a multiple of 500?
False
Is 38 a factor of 39552984?
True
Is 14 a factor of 100027743?
False
Is 16 a factor of 1685031311?
False
Is 11704123 a multiple of 89?
True
Does 32 divide 10011246?
False
Does 271 divide 94055699?
True
Does 17 divide 63907573?
True
Does 48 divide 673198032?
True
Does 400 divide 549136739?
False
Is 22516292 a multiple of 69?
False
Is 349 a factor of 5086515?
False
Does 46 divide 585831531?
False
Is 15 a factor of 189833137?
False
Is 2475028807 a multiple of 769?
True
Is 2695 a factor of 995530305?
True
Is 466889550 a multiple of 1706?
True
Is 7616 a factor of 406202317?
False
Is 7013 a factor of 21582721?
False
Does 2579 divide 2003968107?
True
Is 559088914 a multiple of 5?
False
Does 764 divide 762511728?
True
Is 76277085 a multiple of 69?
True
Is 201121471 a multiple of 67?
True
Is 497 a factor of 10408055?
False
Is 22804771 a multiple of 2120?
False
Is 32 a factor of 8421184?
True
Is 278975879 a multiple of 91?
True
Does 3134 divide 1852410246?
True
Is 353 a factor of 7469699?
False
Does 11 divide 1521842129?
False
Is 7